 297?
False
Is 7405504 a multiple of 251?
True
Does 412 divide 1111164?
True
Is 207 a factor of 101204?
False
Does 542 divide 7470128?
False
Is 31 a factor of 1143399?
False
Is 245 a factor of 3397170?
True
Does 60 divide 1657799?
False
Is 11065790 a multiple of 595?
False
Is 12 a factor of 765057?
False
Is 28 a factor of 47661?
False
Is 107 a factor of 6538556?
True
Does 139 divide 4353063?
True
Is 1489332 a multiple of 84?
False
Is 19 a factor of 1207735?
True
Is 15 a factor of 1852721?
False
Does 977 divide 10301488?
True
Does 46 divide 2254?
True
Is 197750 a multiple of 250?
True
Does 345 divide 1603224?
False
Is 38 a factor of 1218850?
True
Is 150540 a multiple of 156?
True
Does 367 divide 1311392?
False
Does 38 divide 247760?
True
Is 6174110 a multiple of 348?
False
Is 5727931 a multiple of 11?
True
Is 39710 a multiple of 110?
True
Is 4 a factor of 152488?
True
Does 460 divide 559820?
True
Is 21 a factor of 4643305?
False
Does 270 divide 130950?
True
Does 195 divide 769549?
False
Is 92 a factor of 74888?
True
Is 23 a factor of 609661?
True
Is 209429 a multiple of 79?
True
Is 116 a factor of 1472040?
True
Does 592 divide 26443456?
True
Is 161820 a multiple of 261?
True
Is 314 a factor of 1583193?
False
Is 166392 a multiple of 55?
False
Is 226 a factor of 2853302?
False
Does 10 divide 260100?
True
Does 88 divide 507408?
True
Is 224636 a multiple of 98?
False
Is 5958618 a multiple of 112?
False
Is 797 a factor of 1125129?
False
Is 92 a factor of 309723?
False
Is 17871795 a multiple of 165?
False
Is 369061 a multiple of 11?
True
Is 2003325 a multiple of 15?
True
Is 63482 a multiple of 2?
True
Is 2361548 a multiple of 161?
True
Does 376 divide 241849?
False
Is 23 a factor of 22609?
True
Is 14161600 a multiple of 800?
True
Is 134298 a multiple of 62?
False
Does 4 divide 17348?
True
Is 9 a factor of 860438?
False
Is 28 a factor of 606116?
True
Does 165 divide 2145?
True
Is 17 a factor of 542861?
True
Is 673533 a multiple of 21?
True
Is 190 a factor of 42940?
True
Is 363 a factor of 196746?
True
Does 7 divide 106811?
False
Is 12889200 a multiple of 26?
False
Is 3096963 a multiple of 51?
False
Does 886 divide 1164204?
True
Is 481 a factor of 1894659?
True
Is 67 a factor of 118423?
False
Does 25 divide 13650?
True
Is 105 a factor of 133245?
True
Does 272 divide 195041?
False
Is 27 a factor of 1618569?
True
Is 96 a factor of 80594?
False
Is 28355 a multiple of 7?
False
Is 50 a factor of 3471560?
False
Does 65 divide 1340885?
True
Is 189600 a multiple of 31?
False
Is 760103 a multiple of 33?
False
Is 400323 a multiple of 220?
False
Is 92419 a multiple of 11?
False
Is 81 a factor of 1039959?
True
Is 747312 a multiple of 6?
True
Is 643 a factor of 16641483?
True
Is 6 a factor of 8550104?
False
Is 8 a factor of 159970?
False
Is 1602751 a multiple of 17?
False
Does 50 divide 304237?
False
Is 1288104 a multiple of 122?
False
Is 141811 a multiple of 21?
False
Is 7005 a multiple of 15?
True
Does 10 divide 641490?
True
Is 24 a factor of 3249185?
False
Is 14 a factor of 507465?
False
Does 50 divide 5188830?
False
Is 84 a factor of 5555088?
True
Is 9 a factor of 11735?
False
Does 41 divide 772511?
False
Is 14 a factor of 205702?
True
Is 6 a factor of 442578?
True
Is 15 a factor of 155984?
False
Does 22 divide 19580?
True
Is 61 a factor of 1403?
True
Is 12 a factor of 150952?
False
Does 28 divide 635292?
True
Is 11 a factor of 1819020?
False
Is 11 a factor of 1397682?
True
Is 86322 a multiple of 11?
False
Is 160 a factor of 103360?
True
Is 473 a factor of 5518689?
False
Is 54 a factor of 332953?
False
Is 166 a factor of 4168592?
True
Is 613657 a multiple of 202?
False
Is 9787 a multiple of 2?
False
Is 85 a factor of 1528048?
False
Does 83 divide 280252?
False
Does 187 divide 37375?
False
Is 244524 a multiple of 37?
False
Does 35 divide 243040?
True
Is 122 a factor of 1322358?
True
Is 3774717 a multiple of 216?
False
Does 67 divide 45761?
True
Does 660 divide 279180?
True
Is 322 a factor of 707112?
True
Is 75 a factor of 214200?
True
Does 45 divide 1158930?
True
Is 850997 a multiple of 8?
False
Is 1415 a factor of 5814235?
True
Is 163 a factor of 234720?
True
Is 37 a factor of 1735761?
False
Does 77 divide 330330?
True
Is 831723 a multiple of 101?
False
Is 199 a factor of 404368?
True
Does 5 divide 22495?
True
Does 9 divide 80573?
False
Does 8 divide 10172142?
False
Does 827 divide 51274?
True
Is 27 a factor of 3138297?
False
Does 104 divide 132392?
True
Does 13 divide 249001?
False
Does 68 divide 201688?
True
Is 100 a factor of 4018398?
False
Is 17 a factor of 41279?
False
Does 135 divide 2804000?
False
Does 334 divide 2724307?
False
Does 56 divide 153201?
False
Is 43 a factor of 1905572?
False
Is 50 a factor of 132500?
True
Is 119 a factor of 8308881?
False
Is 107439 a multiple of 483?
False
Does 861 divide 495075?
True
Is 2 a factor of 1388?
True
Is 24390 a multiple of 29?
False
Is 365536 a multiple of 6?
False
Does 5 divide 92225?
True
Does 52 divide 6610500?
True
Is 1243650 a multiple of 29?
False
Is 307902 a multiple of 21?
True
Is 1944581 a multiple of 4?
False
Is 2327816 a multiple of 94?
True
Is 19 a factor of 8445?
False
Is 18 a factor of 191070?
True
Does 92 divide 102927?
False
Does 7 divide 14416487?
False
Is 878 a factor of 2400767?
False
Does 2 divide 574666?
True
Is 76139 a multiple of 55?
False
Is 3156860 a multiple of 897?
False
Is 443 a factor of 4309796?
False
Does 8 divide 39312?
True
Does 18 divide 109422?
True
Is 37 a factor of 2310058?
True
Is 107 a factor of 58763?
False
Is 726881 a multiple of 162?
False
Does 423 divide 584586?
True
Is 1607290 a multiple of 97?
True
Is 1043467 a multiple of 6?
False
Is 130 a factor of 302510?
True
Does 12 divide 50628?
True
Is 1015390 a multiple of 7?
False
Is 3516939 a multiple of 338?
False
Is 1110523 a multiple of 59?
False
Is 1364092 a multiple of 264?
False
Is 76908 a multiple of 204?
True
Is 195459 a multiple of 11?
True
Does 4 divide 74360?
True
Is 91 a factor of 9746?
False
Does 4 divide 27068?
True
Is 129 a factor of 89797?
False
Does 15 divide 402480?
True
Is 246 a factor of 558612?
False
Does 33 divide 246741?
True
Is 11 a factor of 13081526?
False
Is 55 a factor of 8032255?
True
Is 167 a factor of 534740?
False
Is 3618 a multiple of 18?
True
Is 14868 a multiple of 354?
True
Is 10 a factor of 18557900?
True
Does 1073 divide 7695600?
False
Is 10316878 a multiple of 1004?
False
Is 703 a factor of 1332976?
False
Does 27 divide 3978966?
False
Is 101 a factor of 220275?
False
Is 1281963 a multiple of 113?
False
Does 5 divide 735984?
False
Is 497678 a multiple of 698?
False
Is 3 a factor of 1510725?
True
Is 103 a factor of 149956?
False
Does 13 divide 13618163?
True
Is 32201626 a multiple of 12?
False
Is 21 a factor of 72738?
False
Does 156 divide 58873?
False
Does 300 divide 334643?
False
Does 98 divide 139846?
True
Does 543 divide 3746060?
False
Is 129880 a multiple of 68?
True
Is 89400 a multiple of 58?
False
Does 6 divide 231248?
False
Is 155716 a multiple of 11?
True
Is 291 a factor of 129495?
True
Is 174 a factor of 591931?
False
Is 230 a factor of 236210?
True
Is 374385 a multiple of 190?
False
Does 1371 divide 2639175?
True
Is 12 a factor of 6971256?
True
Is 15 a factor of 354450?
True
Is 1627080 a multiple of 168?
True
Is 63 a factor of 1218357?
True
Does 24 divide 290038?
False
Is 4 a factor of 7392?
True
Does 9 divide 676809?
True
Does 15 divide 852330?
True
Is 500762 a multiple of 42?
False
Is 29643 a multiple of 116?
False
Does 17 divide 59161?
False
Is 7 a factor of 836140?
False
Is 372375 a multiple of 45?
True
Does 38 divide 40812?
True
Is 34986 a multiple of 24?
False
Does 7 divide 29568?
True
Is 272653 a multiple of 72?
False
Does 83 divide 931177?
True
Is 692 a factor of 1366700?
True
Is 23 a factor of 2565334?
False
Is 183925 a multiple of 35?
True
Does 546 divide 4837829?
False
Is 3 a factor of 4981835?
False
Does 171 divide 1688025?
False
Is 609 a factor of 957957?
True
Is 73 a factor of 14062866?
True
Is 339 a factor of 7091?
False
Does 371 divide 411068?
True
Is 6636983 a multiple of 67?
False
Does 137 divide 5966624?
True
Is 3822378 a multiple of 14?
True
Is 40 a factor of 168691?
False
Does 32 divide 908320?
True
Is 99 a factor of 80586?
True
Is 132737 even?
False
Is